 be -4 + 10/1 - (1 + -3). Let z(q) = q**3 - 3*q**2 - 3*q - 21. What is the units digit of z(g)?
5
Let j = -566 - -555. Let k(y) = -y**3 - 11*y**2 - 4*y + 6. What is the units digit of k(j)?
0
Let r = -30967 + 61769. What is the hundreds digit of r?
8
Let f(w) = -420*w - 4690. What is the ten thousands digit of f(-127)?
4
Suppose 5*q + 1667 = 5867. Suppose 26*x = f + 28*x - 220, -f = -5*x - 206. Suppose q - f = 4*k. What is the tens digit of k?
5
Let g(c) = 613 + 595 - 1193 + 107*c. What is the tens digit of g(5)?
5
Let x = -18466 - -26804. What is the units digit of x?
8
Let p be (0 - 4/6)*39/2. Let k = p - -40. Suppose -25*o + k*o = 22. What is the tens digit of o?
1
Suppose -121*o + 20 = -119*o. Let d(g) = 11*g**2 - 13*g - 12. What is the tens digit of d(o)?
5
Suppose -2*h - 49 - 48 = -3*l, 0 = 3*h - 12. Suppose -c + l = -o + 14, -5*o = -2*c + 108. Let s = 127 + o. What is the units digit of s?
5
Suppose 18419652 = 297*h - 78*h. What is the tens digit of h?
0
Suppose -4*d + 5*s = -13, -3*s + 4*s = -5*d + 9. Suppose d*h = -0*h + 10. Let g(o) = -o**3 + 8*o**2 - 10*o + 8. What is the units digit of g(h)?
3
What is the ten thousands digit of (348/10)/((-123584)/12360 - -10)?
2
Let m be (-49 - -50)/((-1)/1658). Let q = -523 - m. What is the hundreds digit of q?
1
Let f = -100 + 399. Let h(c) = -5*c**2 + 288*c + 43 + 11 + 4*c**2 - f*c. What is the units digit of h(-14)?
2
What is the tens digit of 7470 + 11/((-77)/84)?
5
Let s(i) = 57544*i - 1954. What is the thousands digit of s(1)?
5
Let b(f) = 11*f**2 - 291*f + 1106. What is the tens digit of b(77)?
1
Suppose 11*a = -0*a + 594. Suppose -3*n = 5*b - 92, 5*n - 5*b - 46 = a. Suppose 28*f = n*f + 436. What is the tens digit of f?
0
Let v = 72 + -54. Let c be (-12)/v + (-8)/(-3). Suppose -c*a - 4*q - 174 = -4*a, 0 = -5*a + q + 462. What is the tens digit of a?
9
Let n(a) = 19*a**3 - 58*a**2 - 4*a - 2. Let o be n(7). Suppose 5*i - 12*h - 3655 = -7*h, 5*i - o = -5*h. What is the units digit of i?
0
Let n(v) = -v + 2. Let l be n(-6). Suppose -3*m - 7 = l, 0 = 3*s + m - 232. Suppose -2*x + 89 + s = 2*f, -72 = -x + 3*f. What is the units digit of x?
1
Let l = -9916 - -21884. What is the ten thousands digit of l?
1
Let m be ((-26060)/(-32) - -1) + 6/(-16). Let s = -516 + m. What is the units digit of s?
9
Let w = 12075 - -20915. What is the hundreds digit of w?
9
Let l(z) = 2*z + 18. Let f be l(0). Let s(v) = v**2 - 20*v - 5. Let p be s(f). Let d = p - -132. What is the tens digit of d?
9
Let s(y) = y**3 - 6*y**2 + 6*y + 7. Let p = 56 + -49. What is the units digit of s(p)?
8
Suppose -60*v = -13825 - 173795. What is the tens digit of v?
2
Let y = 552 + -547. Suppose -y*m = 2*r - 3648, -m - 2*m + 9158 = 5*r. What is the thousands digit of r?
1
What is the tens digit of (-63)/(567/(-180504))*1/(3 - 1)?
2
Let p(m) = -3*m**3 + 2*m**2 - 45*m - 38. What is the hundreds digit of p(-12)?
9
Suppose -276*b + 32 = -272*b. Suppose b*a = 4*a + 2384. What is the hundreds digit of a?
5
Let j = -5 + 4. Let f be 1/((1/5)/j). What is the units digit of (-1 + 0/2)*f?
5
Let t = -123 - 22. Let x = t - -48. Let s = 141 + x. What is the units digit of s?
4
Suppose -3*y + 5*q + 49061 = -32570, -3*q = -y + 27213. What is the ten thousands digit of y?
2
Suppose -16 = -3*u + 2. Let i(o) = -o + u - 2*o + o + 9. What is the tens digit of i(-10)?
3
Let r be 8/(-22) - (-1276216)/(-737). Let x = 2458 + r. What is the hundreds digit of x?
7
Let w(i) be the second derivative of 229*i**3/6 - i**2 + 2*i. Let l be w(-1). Let y = l - -349. What is the hundreds digit of y?
1
Suppose 0 = 13*q - 32809 - 1498. What is the tens digit of q?
3
Suppose 4*y + 2*b - 2472 = 24, -5*y + b = -3106. Let z = -522 + y. What is the units digit of z?
0
Suppose 16*x = 14*x + 4. Let v be 0 - (-3 + x) - 0. What is the units digit of (v/(3 + -2))/(7/959)?
7
Let t(z) = 1. Let x(b) = 21*b. Suppose -11*j + 8*j + 3 = 0. Let y(s) = j*t(s) + x(s). What is the units digit of y(3)?
4
Let b(j) = -j**3 - j + 14 - 14. Let c(z) = z**3 + 10*z**2 + 5*z - 1. Let k(y) = 2*b(y) + c(y). What is the units digit of k(10)?
9
Let s(v) be the second derivative of 13*v**4/24 - 25*v**3/6 - 33*v**2/2 + 36*v. Let d(f) be the first derivative of s(f). What is the tens digit of d(3)?
1
Let w = 32 - 33. Let q be (12/(-3))/((-2)/w) + -1. What is the tens digit of q/(-2)*576/18?
4
Let t(n) = -273*n**2 + 4*n + 6. Let y(g) = 410*g**2 - 7*g - 9. Let k(d) = -8*t(d) - 5*y(d). Suppose -4 = -3*i - 1. What is the hundreds digit of k(i)?
1
Let f(k) = 581*k**2 - 17*k - 4. What is the thousands digit of f(-6)?
1
Suppose 339*q - 332391 = 92376. What is the units digit of q?
3
Suppose -110*b + 102608 = 11*b. What is the hundreds digit of b?
8
Suppose -3*f = -14*h - 222595, -3*f = -4*h - 186296 - 36339. What is the units digit of f?
7
Let x(o) = -o**3 + 50*o**2 + 99*o + 299. What is the units digit of x(52)?
9
What is the tens digit of 57 + -55 + 0 + 4375 - -8?
8
What is the units digit of (1569/6 + -4)*(-266)/(-95)?
1
Suppose 4*f + 2082 = f. Let m = f - -1119. What is the units digit of m?
5
Let h = -3073 + 16030. What is the units digit of h?
7
Let w be 1 + (3/4 - (-182)/(-8)). What is the units digit of 70/(-15)*5616/w?
8
Suppose -9*t = -3473 - 1. Let l = -231 + t. What is the units digit of l?
5
What is the units digit of 25984*(-5*(-8)/(-80)*-10 - 3)?
8
Let j = 93 - 87. Suppose j*f - 327 = 2199. What is the tens digit of f?
2
Let c = -12 - -26. Let i(p) = 2*p**2 - 5*p - 13. What is the tens digit of i(c)?
0
Let t(d) = -2*d**3 + 2*d**2 + 9*d + 6. Suppose -5*w + 4*r - 8 = 0, 0 = 2*w + r + 18 - 7. What is the units digit of t(w)?
0
Let j = 7944 + -6672. What is the hundreds digit of j?
2
Suppose -4*h + 40 = 5*f - 3*h, -3*f + 2*h + 37 = 0. Suppose 0 = -3*b - f, -2*r = b - 17. Suppose 0*d + 80 = r*d. What is the units digit of d?
8
Suppose 36*s - 689000 = -81*s + 2019433. What is the thousands digit of s?
3
Suppose -270*h + 275*h = 5*q + 29420, 3*q = 4*h - 23533. What is the hundreds digit of h?
8
Let p = -315 + 6072. What is the hundreds digit of p?
7
Suppose 9*j - 5*j - 4740 = 0. Suppose -213 = 9*l - j. Suppose 3*f = p - l, -2*p = -f - 162 - 39. What is the tens digit of p?
9
Suppose 127 = d - 961. Suppose -196*h - d = -200*h. What is the hundreds digit of h?
2
Let r be (-30)/(-40) + (-3604)/(-16). Suppose -1070 = -6*t + r. What is the units digit of t?
6
Let b be (-4)/(-26) + (-1120)/182. What is the tens digit of (-1335)/b*32/20 - 0?
5
Suppose -4*c + 23 + 1 = 0. Suppose 0 = 5*o + c - 16. Suppose -o*u + 114 = -166. What is the tens digit of u?
4
Suppose 2*v - 14*y + 700 = -19*y, -3*y = -2*v - 700. What is the tens digit of (-7)/(v/10940)*10/4?
4
Let x = -144 - -85. Suppose 5*a - 2*r = 28 - 206, 3*a + 122 = 5*r. Let t = a - x. What is the tens digit of t?
2
Suppose -12*o - o = -52. What is the tens digit of ((-1250)/(-40))/(o/48)?
7
Let u(f) = -3*f - 14. Let i be u(-4). Let c be 2210/20 + 1/i + 0. Suppose -2*w + 604 = c. What is the units digit of w?
7
Suppose 0 = 4*v - 2*k - 62, 3*v = -0*v - 5*k + 14. Suppose -2*o = 5*c - v + 2, o - 4 = -c. What is the tens digit of (-6 + o)/(((-3)/69)/1)?
6
Let s(r) be the second derivative of -r**5/20 - r**4/6 - 5*r**3/6 + 12*r. Let u(n) be the second derivative of s(n). What is the tens digit of u(-3)?
1
Let m = -2 - 0. Let t(n) = 443 - 142 - 156 + 7*n - 35*n - 156. What is the units digit of t(m)?
5
Let y = -39 + 39. Suppose -14*v - 231 - 49 = y. Let l = 83 + v. What is the tens digit of l?
6
Suppose -4*w + 3*h + 82909 = 0, -16*w + 18*w - 41452 = 2*h. What is the hundreds digit of w?
7
Let q = -7214 + 19691. What is the hundreds digit of q?
4
Let y(m) = m**3 - 2*m**2 - 4*m - 4. Let k be y(-2). Let r(o) = 7*o**3 + 7*o**2 - 19*o**2 + 23 - 8*o**3 - 7*o. What is the units digit of r(k)?
7
Let z = -2902 - -11863. What is the hundreds digit of z?
9
Let y(x) be the third derivative of x**6/10 - x**5/20 - 7*x**4/8 + 23*x**3/2 - x**2 - 36. What is the units digit of y(3)?
3
Suppose -5*t - 2*y - 61 = 0, -4*y = 6*t - 11*t - 73. Let s(k) = 4*k**2 - 4*k + 60. What is the units digit of s(t)?
8
Suppose 0*x = 6*x - 30. Suppose -x*c - 7 = -32. Suppose 0*d + 87 = w + c*d, 5*w - 2*d - 300 = 0. What is the units digit of w?
2
Let t(d) = -174*d - 47. What is the thousands digit of t(-